lculate the highest common factor of 46 and w.
23
Let x be 23 - 0 - 2/(-2). Suppose 1568 = 4*t - 4*r, t - 1180 = -2*t + 5*r. Let l be (-4)/(-22) - t/(-33). What is the greatest common divisor of x and l?
12
Suppose 6*l - 5*l - 20 = 0. What is the greatest common factor of 5 and l?
5
Let f be 28/(-6)*(-234)/91. Let z(y) = y**2 - 2*y - 3. Let n be -2 + -2 + 2/2. Let b be z(n). Calculate the greatest common divisor of b and f.
12
Suppose 5*q + 29 = b, 5*b + 6 + 29 = -5*q. Let u = 5 - q. Suppose -3*i = -2*d - 206, 2*i - 6*d - 148 = -2*d. What is the greatest common divisor of i and u?
11
Let j(f) = f**3 - f**2 + f. Let a(t) = -4*t**3 + 8*t**2 - 6*t + 5. Let g(z) = a(z) + 3*j(z). Let q be g(4). What is the greatest common factor of q and 9?
9
Let h(d) = -d + 72. Let v be h(0). Let c(s) = s**2 + 3*s - 2. Let n be c(-5). Calculate the highest common factor of n and v.
8
Let t = -6 - -8. Let v = 12 - t. What is the highest common divisor of v and 15?
5
Suppose 4*t - 5*l = 35, -2*t + 2 = -4*t - 4*l. Suppose 41 = 4*w + t. What is the highest common factor of 9 and w?
9
Let w be (6/(-4))/(6/(-56)). Let l be (-241)/(-3) + 1/(-3). Suppose -l = -3*j + a, 5*j - 97 - 23 = 5*a. Calculate the greatest common divisor of j and w.
14
Suppose -1 = -3*x + n, 4*x - 6 = 4*n - 5*n. What is the highest common factor of 1 and x?
1
Let k be (-108)/144 - 67/(-4). What is the highest common divisor of k and 136?
8
Let p = 6 - 16. Let f be p/(-4) - 2/(-4). Calculate the highest common factor of 18 and f.
3
Let c(w) be the first derivative of 3*w**3 - 4. Let i be c(-1). Calculate the highest common divisor of 54 and i.
9
Let t(r) = 24*r**2 - r + 1. Let y be t(-3). Let p be 23 + (10/(-4) - 3/6). Calculate the greatest common divisor of p and y.
20
Suppose 11 = -5*t + 46. What is the highest common factor of 56 and t?
7
Let o = -9 - -19. Suppose 2*u = 38 + o. Suppose 0 = 2*r, 4*c - 4*r - 11 = 21. What is the greatest common factor of u and c?
8
Let t = -8 - -118. Calculate the highest common divisor of t and 10.
10
Let a be (-2 - -11) + (-6)/6. What is the greatest common factor of a and 72?
8
Let d(t) = 21*t + 10. Let u be d(6). What is the greatest common factor of 17 and u?
17
Suppose -5*v + 201 = u + 2*u, 3*v - 135 = 3*u. Suppose -26 = -3*m + z, -m + 48 = 3*m - 4*z. Let r = m - 1. Calculate the greatest common factor of v and r.
6
Let n = -64 - -76. Calculate the highest common divisor of 12 and n.
12
Let g(y) = -2*y**3 + y**2 - 1. Let t be g(-1). Let f = -101 - -104. What is the highest common divisor of t and f?
1
Suppose -101 - 35 = -4*v. Calculate the greatest common divisor of v and 272.
34
Let g(p) = p**2 - 6*p - 7. Let y be g(7). Let z = y - -3. What is the highest common divisor of z and 27?
3
Let w(h) = h + 3. Let j be w(-5). Let f be 1*95 + 2 + j. Calculate the highest common factor of f and 19.
19
Let i = -2 + 10. Let o = 22 - 14. Calculate the greatest common divisor of i and o.
8
Let x be (-1648)/(-11) + 14/77. Suppose -4*j - x = -9*j. Calculate the highest common divisor of j and 12.
6
Let w = -59 - -21. Let x = 10 - w. Let b = 0 + 12. What is the greatest common factor of b and x?
12
Let a(q) = -q**2 - q + 1. Let o be a(-2). Let k be o*2*(-11)/2. Let d = 27 + -5. What is the highest common factor of d and k?
11
Let x = 65 - 49. What is the highest common factor of 24 and x?
8
Let t(d) = 14*d**2 - 2*d. Let x be t(1). What is the highest common divisor of x and 12?
12
Suppose g + 5 = -i, -4*i = -3*g - 2*i - 25. Let m be (6/(-8))/(g/252). Calculate the greatest common factor of 189 and m.
27
Suppose 0 = -2*n + 1 + 15. Suppose -7 - 8 = -5*k. Let c be (2 - 2)/k - -8. What is the greatest common divisor of c and n?
8
Let j be ((-20)/14)/(7/(-245)). What is the highest common factor of 75 and j?
25
Suppose 0 = 3*q - 3 - 12. Let g = q - -7. What is the greatest common factor of g and 108?
12
Suppose 0 = -r + 3, 2*l + 5*r - 21 = -0*r. Calculate the greatest common divisor of 15 and l.
3
Suppose 3*d = 255 - 24. What is the highest common divisor of 11 and d?
11
Suppose 12 = 4*z - 44. Let f = -5 + 5. Suppose 3*c + 2*c - 10 = f. Calculate the greatest common factor of z and c.
2
Suppose 4*o - 10 = -5*j, 2*o - o = -j + 3. Let z = 4 + j. What is the highest common factor of 18 and z?
2
Let w be 3/((-6)/(-28)) - -1. What is the highest common divisor of w and 150?
15
Let s = -11 - -27. What is the highest common factor of s and 40?
8
Let l = -6 + 5. Let z(c) = c**2 + c. Let a be z(l). Suppose a = n - 4*n + 72. What is the highest common factor of 8 and n?
8
Let f be (-40)/(-12)*(0 + 6). Suppose 5*o - 2*s = -0 + 15, o - 5*s + f = 0. Let v be (4 - 2 - 1)*o. What is the greatest common divisor of 35 and v?
5
Suppose -2*q = -q + 9. Let f = 13 + q. What is the highest common divisor of f and 2?
2
Suppose 0 = 2*q + q - 84. Let z = q + -10. Calculate the highest common factor of z and 2.
2
Let n(j) = j**3 + 8*j**2 + 8*j + 17. Let d be n(-7). Calculate the greatest common divisor of 60 and d.
10
Let r be 2 - 0 - (-24)/6. What is the greatest common divisor of r and 42?
6
Suppose -h = 1 - 4. Suppose 5*s = h*s + 16. Suppose -27 - s = -5*k. Calculate the highest common divisor of k and 28.
7
Suppose 4*h + 12 = -4*p, 4*h + 2*p = -2 - 4. Suppose f + b - 159 = -h*b, b + 1 = 0. Calculate the greatest common factor of f and 16.
16
Let j be ((-8)/2)/(6/27). Let o be (j/7)/((-3)/21). What is the greatest common factor of o and 90?
18
Let w(s) = -s**3 - 9*s**2 + 9*s - 2. Let k be w(-10). Suppose -3*j + 3 - 9 = 0. Let b = j + k. What is the highest common factor of 15 and b?
3
Let c = -77 + 83. What is the highest common factor of c and 6?
6
Suppose 4*b + 2*m + 30 = -0*b, -9 = 3*m. Let a be (-5)/1*(-6)/b. Let v be (-4)/a*30/6. What is the highest common factor of 28 and v?
4
Suppose -6 + 45 = 2*k - t, -5*t = -k + 33. Calculate the greatest common divisor of k and 342.
18
Let b be -15*2*3/(-10). Suppose -j - 4 - 9 = -o, -5*o - 5*j + 25 = 0. Calculate the greatest common divisor of o and b.
9
Let l = -61 - -85. Suppose 4*i - l = i. What is the highest common factor of i and 8?
8
Let m = 47 + -15. Calculate the greatest common factor of 80 and m.
16
Suppose -3*g + 61 = 5*p - 4, -79 = -4*p + 3*g. Calculate the highest common factor of p and 4.
4
Suppose q - 12 = -c - c, 3*c + 3*q - 24 = 0. Suppose -3*t + 2*t + 60 = -5*y, t + c*y = 78. Let r = -14 + 24. Calculate the greatest common factor of r and t.
10
Let i = -39 - -72. Let x = i - 17. Let b be 266/(-57)*(-72)/7. What is the greatest common factor of b and x?
16
Let s be 1/(-2)*-6 + 1. Let l(u) = -u**2 + 4*u + 2. Let t be l(s). Let i be t/(-3*1/(-21)). Calculate the highest common divisor of 7 and i.
7
Let d be (2 - -2)*-1 - -2. Let o be 64/28 + d/7. Suppose 1 = -o*s + 57. What is the greatest common factor of s and 7?
7
Let b = -10 + -43. Let m = -20 - b. What is the greatest common factor of 33 and m?
33
Let k(y) = 6*y - 78. Let g be k(14). Calculate the highest common factor of g and 54.
6
Let s be 18/12*8/6. Let p be (-4)/(-3)*15/s. Let z be -3 + 5 - (-12 + 4). Calculate the highest common divisor of z and p.
10
Let q = 3 - -2. Suppose 0*b = -5*b + q. Let i be (b/2)/(1/2). Calculate the highest common divisor of i and 2.
1
Let m(i) = -8*i**3 + i**2 - i - 1. Let r be m(2). Let k = 18 - r. What is the greatest common factor of k and 9?
9
Suppose n - 109 - 8 = 0. Let y = 20 + -7. Calculate the highest common factor of n and y.
13
Let u(z) = 7*z**2 - 4*z**2 + 4 - 7*z - 4*z**2. Let f be u(-4). Let s(c) = c + 12. Let i be s(-8). Calculate the greatest common factor of f and i.
4
Let z be (2 - 1)*3*20. Let j be (-4)/(-6) + 280/12. Calculate the greatest common factor of j and z.
12
Suppose 3*s + 39 = 174. Let d be (-1)/(-2) - (-445)/10. Suppose 0 = 4*a + a - d. What is the greatest common factor of a and s?
9
Suppose 4*y - 27 = 13. Suppose -2*r = 3*r - 20. Suppose 4*b + 2*v - 242 = b, 4*b + r*v = 324. What is the greatest common factor of y and b?
10
Let r be 2 + 93*(0 + 1). Suppose -4*m + 42 = 4*s - 118, -3*s + 2*m = -r. Calculate the greatest common divisor of s and 7.
7
Let x be 9/(-21) - (-524)/42*3. Calculate the highest common divisor of 37 and x.
37
Let w = -331 + 332. Let l(b) = 2*b**2 - 3*b - 2. Let i be l(3). What is the greatest com